{"id":458,"date":"2021-10-28T19:39:18","date_gmt":"2021-10-28T18:39:18","guid":{"rendered":"https:\/\/www.theclonebox.com\/?page_id=458"},"modified":"2021-10-28T20:56:50","modified_gmt":"2021-10-28T19:56:50","slug":"test","status":"publish","type":"page","link":"https:\/\/www.theclonebox.com\/?page_id=458","title":{"rendered":"Poster une annonce"},"content":{"rendered":"\n<div class=\"wp-block-wpuf-form\"><div class=\"wpuf-message\">This page is restricted. Please <a href='https:\/\/www.theclonebox.com\/wp-login.php'>Login<\/a> \/ <a href='https:\/\/www.theclonebox.com\/wp-login.php?action=register'>Register<\/a> to view this page.<\/div><\/div>\n\n\n\n<p>Tags d\u00e9j\u00e0 utilis\u00e9s :<\/p>\n\n\n<p class=\"wp-block-tag-cloud\"><a href=\"https:\/\/www.theclonebox.com\/?tag=0-25g\" class=\"tag-cloud-link tag-link-32 tag-link-position-1\" style=\"font-size: 8pt;\" aria-label=\"0.25g (1 \u00e9l\u00e9ment)\">0.25g<\/a>\n<a href=\"https:\/\/www.theclonebox.com\/?tag=aor1\" class=\"tag-cloud-link tag-link-52 tag-link-position-2\" style=\"font-size: 8pt;\" aria-label=\"AOR1 (1 \u00e9l\u00e9ment)\">AOR1<\/a>\n<a href=\"https:\/\/www.theclonebox.com\/?tag=billes\" class=\"tag-cloud-link tag-link-31 tag-link-position-3\" style=\"font-size: 8pt;\" aria-label=\"Billes (1 \u00e9l\u00e9ment)\">Billes<\/a>\n<a href=\"https:\/\/www.theclonebox.com\/?tag=blackhawk\" class=\"tag-cloud-link tag-link-46 tag-link-position-4\" style=\"font-size: 8pt;\" aria-label=\"BLACKHAWK (1 \u00e9l\u00e9ment)\">BLACKHAWK<\/a>\n<a href=\"https:\/\/www.theclonebox.com\/?tag=bo\" class=\"tag-cloud-link tag-link-39 tag-link-position-5\" style=\"font-size: 8pt;\" aria-label=\"BO (1 \u00e9l\u00e9ment)\">BO<\/a>\n<a href=\"https:\/\/www.theclonebox.com\/?tag=capsules-co2\" class=\"tag-cloud-link tag-link-33 tag-link-position-6\" style=\"font-size: 8pt;\" aria-label=\"Capsules Co2 (1 \u00e9l\u00e9ment)\">Capsules Co2<\/a>\n<a href=\"https:\/\/www.theclonebox.com\/?tag=casque\" class=\"tag-cloud-link tag-link-29 tag-link-position-7\" style=\"font-size: 8pt;\" aria-label=\"Casque (1 \u00e9l\u00e9ment)\">Casque<\/a>\n<a href=\"https:\/\/www.theclonebox.com\/?tag=chest-rig\" class=\"tag-cloud-link tag-link-55 tag-link-position-8\" style=\"font-size: 8pt;\" aria-label=\"Chest rig (1 \u00e9l\u00e9ment)\">Chest rig<\/a>\n<a href=\"https:\/\/www.theclonebox.com\/?tag=custom\" class=\"tag-cloud-link tag-link-60 tag-link-position-9\" style=\"font-size: 8pt;\" aria-label=\"CUSTOM (1 \u00e9l\u00e9ment)\">CUSTOM<\/a>\n<a href=\"https:\/\/www.theclonebox.com\/?tag=fobus\" class=\"tag-cloud-link tag-link-37 tag-link-position-10\" style=\"font-size: 16.75pt;\" aria-label=\"Fobus (3 \u00e9l\u00e9ments)\">Fobus<\/a>\n<a href=\"https:\/\/www.theclonebox.com\/?tag=gaz\" class=\"tag-cloud-link tag-link-12 tag-link-position-11\" style=\"font-size: 8pt;\" aria-label=\"gaz (1 \u00e9l\u00e9ment)\">gaz<\/a>\n<a href=\"https:\/\/www.theclonebox.com\/?tag=grenade\" class=\"tag-cloud-link tag-link-44 tag-link-position-12\" style=\"font-size: 8pt;\" aria-label=\"grenade (1 \u00e9l\u00e9ment)\">grenade<\/a>\n<a href=\"https:\/\/www.theclonebox.com\/?tag=gry\" class=\"tag-cloud-link tag-link-69 tag-link-position-13\" style=\"font-size: 8pt;\" aria-label=\"GRY (1 \u00e9l\u00e9ment)\">GRY<\/a>\n<a href=\"https:\/\/www.theclonebox.com\/?tag=holster\" class=\"tag-cloud-link tag-link-36 tag-link-position-14\" style=\"font-size: 22pt;\" aria-label=\"Holster (5 \u00e9l\u00e9ments)\">Holster<\/a>\n<a href=\"https:\/\/www.theclonebox.com\/?tag=hpa\" class=\"tag-cloud-link tag-link-68 tag-link-position-15\" style=\"font-size: 8pt;\" aria-label=\"HPA (1 \u00e9l\u00e9ment)\">HPA<\/a>\n<a href=\"https:\/\/www.theclonebox.com\/?tag=jungle-hat\" class=\"tag-cloud-link tag-link-45 tag-link-position-16\" style=\"font-size: 13.25pt;\" aria-label=\"Jungle Hat (2 \u00e9l\u00e9ments)\">Jungle Hat<\/a>\n<a href=\"https:\/\/www.theclonebox.com\/?tag=kryptec\" class=\"tag-cloud-link tag-link-50 tag-link-position-17\" style=\"font-size: 8pt;\" aria-label=\"Kryptec (1 \u00e9l\u00e9ment)\">Kryptec<\/a>\n<a href=\"https:\/\/www.theclonebox.com\/?tag=l96\" class=\"tag-cloud-link tag-link-64 tag-link-position-18\" style=\"font-size: 8pt;\" aria-label=\"L96 (1 \u00e9l\u00e9ment)\">L96<\/a>\n<a href=\"https:\/\/www.theclonebox.com\/?tag=m4\" class=\"tag-cloud-link tag-link-28 tag-link-position-19\" style=\"font-size: 8pt;\" aria-label=\"M4 (1 \u00e9l\u00e9ment)\">M4<\/a>\n<a href=\"https:\/\/www.theclonebox.com\/?tag=mandrake\" class=\"tag-cloud-link tag-link-51 tag-link-position-20\" style=\"font-size: 8pt;\" aria-label=\"Mandrake (1 \u00e9l\u00e9ment)\">Mandrake<\/a>\n<a href=\"https:\/\/www.theclonebox.com\/?tag=masque\" class=\"tag-cloud-link tag-link-48 tag-link-position-21\" style=\"font-size: 8pt;\" aria-label=\"Masque (1 \u00e9l\u00e9ment)\">Masque<\/a>\n<a href=\"https:\/\/www.theclonebox.com\/?tag=mich2000\" class=\"tag-cloud-link tag-link-30 tag-link-position-22\" style=\"font-size: 8pt;\" aria-label=\"MICH2000 (1 \u00e9l\u00e9ment)\">MICH2000<\/a>\n<a href=\"https:\/\/www.theclonebox.com\/?tag=poche\" class=\"tag-cloud-link tag-link-43 tag-link-position-23\" style=\"font-size: 13.25pt;\" aria-label=\"Poche (2 \u00e9l\u00e9ments)\">Poche<\/a>\n<a href=\"https:\/\/www.theclonebox.com\/?tag=polo\" class=\"tag-cloud-link tag-link-57 tag-link-position-24\" style=\"font-size: 8pt;\" aria-label=\"Polo (1 \u00e9l\u00e9ment)\">Polo<\/a>\n<a href=\"https:\/\/www.theclonebox.com\/?tag=sangle\" class=\"tag-cloud-link tag-link-47 tag-link-position-25\" style=\"font-size: 13.25pt;\" aria-label=\"Sangle (2 \u00e9l\u00e9ments)\">Sangle<\/a>\n<a href=\"https:\/\/www.theclonebox.com\/?tag=speedloader\" class=\"tag-cloud-link tag-link-35 tag-link-position-26\" style=\"font-size: 8pt;\" aria-label=\"Speedloader (1 \u00e9l\u00e9ment)\">Speedloader<\/a>\n<a href=\"https:\/\/www.theclonebox.com\/?tag=spring\" class=\"tag-cloud-link tag-link-66 tag-link-position-27\" style=\"font-size: 8pt;\" aria-label=\"Spring (1 \u00e9l\u00e9ment)\">Spring<\/a>\n<a href=\"https:\/\/www.theclonebox.com\/?tag=tenue\" class=\"tag-cloud-link tag-link-49 tag-link-position-28\" style=\"font-size: 13.25pt;\" aria-label=\"Tenue (2 \u00e9l\u00e9ments)\">Tenue<\/a>\n<a href=\"https:\/\/www.theclonebox.com\/?tag=ultrair\" class=\"tag-cloud-link tag-link-34 tag-link-position-29\" style=\"font-size: 8pt;\" aria-label=\"ULTRAIR (1 \u00e9l\u00e9ment)\">ULTRAIR<\/a>\n<a href=\"https:\/\/www.theclonebox.com\/?tag=well\" class=\"tag-cloud-link tag-link-65 tag-link-position-30\" style=\"font-size: 8pt;\" aria-label=\"WELL (1 \u00e9l\u00e9ment)\">WELL<\/a><\/p><ul class=\"wpuf_customs\"><\/ul>","protected":false},"excerpt":{"rendered":"<p>Tags d\u00e9j\u00e0 utilis\u00e9s :<\/p>\n","protected":false},"author":1,"featured_media":0,"parent":0,"menu_order":0,"comment_status":"closed","ping_status":"closed","template":"","meta":[],"_links":{"self":[{"href":"https:\/\/www.theclonebox.com\/index.php?rest_route=\/wp\/v2\/pages\/458"}],"collection":[{"href":"https:\/\/www.theclonebox.com\/index.php?rest_route=\/wp\/v2\/pages"}],"about":[{"href":"https:\/\/www.theclonebox.com\/index.php?rest_route=\/wp\/v2\/types\/page"}],"author":[{"embeddable":true,"href":"https:\/\/www.theclonebox.com\/index.php?rest_route=\/wp\/v2\/users\/1"}],"replies":[{"embeddable":true,"href":"https:\/\/www.theclonebox.com\/index.php?rest_route=%2Fwp%2Fv2%2Fcomments&post=458"}],"version-history":[{"count":4,"href":"https:\/\/www.theclonebox.com\/index.php?rest_route=\/wp\/v2\/pages\/458\/revisions"}],"predecessor-version":[{"id":513,"href":"https:\/\/www.theclonebox.com\/index.php?rest_route=\/wp\/v2\/pages\/458\/revisions\/513"}],"wp:attachment":[{"href":"https:\/\/www.theclonebox.com\/index.php?rest_route=%2Fwp%2Fv2%2Fmedia&parent=458"}],"curies":[{"name":"wp","href":"https:\/\/api.w.org\/{rel}","templated":true}]}}